[INFO] fetching crate packed_simd_2 0.3.4...
[INFO] building packed_simd_2-0.3.4 against master#881c1ac408d93bb7adaa3a51dabab9266e82eee8 for issue-85264
[INFO] extracting crate packed_simd_2 0.3.4 into /workspace/builds/worker-7/source
[INFO] validating manifest of crates.io crate packed_simd_2 0.3.4 on toolchain 881c1ac408d93bb7adaa3a51dabab9266e82eee8
[INFO] running `Command { std: "/workspace/cargo-home/bin/cargo" "+881c1ac408d93bb7adaa3a51dabab9266e82eee8" "metadata" "--manifest-path" "Cargo.toml" "--no-deps", kill_on_drop: false }`
[INFO] removed /workspace/builds/worker-7/source/rust-toolchain
[INFO] started tweaking crates.io crate packed_simd_2 0.3.4
[INFO] finished tweaking crates.io crate packed_simd_2 0.3.4
[INFO] tweaked toml for crates.io crate packed_simd_2 0.3.4 written to /workspace/builds/worker-7/source/Cargo.toml
[INFO] running `Command { std: "/workspace/cargo-home/bin/cargo" "+881c1ac408d93bb7adaa3a51dabab9266e82eee8" "generate-lockfile" "--manifest-path" "Cargo.toml" "-Zno-index-update", kill_on_drop: false }`
[INFO] running `Command { std: "/workspace/cargo-home/bin/cargo" "+881c1ac408d93bb7adaa3a51dabab9266e82eee8" "fetch" "--manifest-path" "Cargo.toml", kill_on_drop: false }`
[INFO] [stderr]     Blocking waiting for file lock on package cache
[INFO] [stderr]  Downloading crates ...
[INFO] [stderr]   Downloaded wasm-bindgen-backend v0.2.52
[INFO] [stderr]   Downloaded wasm-bindgen-macro v0.2.52
[INFO] [stderr]   Downloaded wasm-bindgen v0.2.52
[INFO] [stderr]   Downloaded js-sys v0.3.29
[INFO] [stderr]   Downloaded weedle v0.10.0
[INFO] [stderr]   Downloaded wasm-bindgen-macro-support v0.2.52
[INFO] [stderr]   Downloaded wasm-bindgen-webidl v0.2.52
[INFO] [stderr]   Downloaded bumpalo v2.6.0
[INFO] [stderr]   Downloaded sourcefile v0.1.4
[INFO] [stderr]   Downloaded wasm-bindgen-futures v0.4.2
[INFO] [stderr]   Downloaded wasm-bindgen-shared v0.2.52
[INFO] [stderr]   Downloaded wasm-bindgen-test-macro v0.3.2
[INFO] [stderr]   Downloaded core_arch v0.1.5
[INFO] [stderr]   Downloaded sleef-sys v0.1.2
[INFO] [stderr]   Downloaded web-sys v0.3.29
[INFO] [stderr]   Downloaded wasm-bindgen-test v0.3.2
[INFO] running `Command { std: "docker" "create" "-v" "/var/lib/crater-agent-workspace/builds/worker-7/target:/opt/rustwide/target:rw,Z" "-v" "/var/lib/crater-agent-workspace/builds/worker-7/source:/opt/rustwide/workdir:ro,Z" "-v" "/var/lib/crater-agent-workspace/cargo-home:/opt/rustwide/cargo-home:ro,Z" "-v" "/var/lib/crater-agent-workspace/rustup-home:/opt/rustwide/rustup-home:ro,Z" "-e" "SOURCE_DIR=/opt/rustwide/workdir" "-e" "CARGO_TARGET_DIR=/opt/rustwide/target" "-e" "CARGO_HOME=/opt/rustwide/cargo-home" "-e" "RUSTUP_HOME=/opt/rustwide/rustup-home" "-w" "/opt/rustwide/workdir" "-m" "1610612736" "--user" "0:0" "--network" "none" "ghcr.io/rust-lang/crates-build-env/linux@sha256:20528e8c29e4536546f0102ce88568b16ea7538393a33fcca951030f7af10457" "/opt/rustwide/cargo-home/bin/cargo" "+881c1ac408d93bb7adaa3a51dabab9266e82eee8" "metadata" "--no-deps" "--format-version=1", kill_on_drop: false }`
[INFO] [stdout] df7ee4415f426d2041ef194eb3770a97fcefbb595f2aa17a11eaef470cfb50ce
[INFO] [stderr] WARNING: Your kernel does not support swap limit capabilities or the cgroup is not mounted. Memory limited without swap.
[INFO] running `Command { std: "docker" "start" "-a" "df7ee4415f426d2041ef194eb3770a97fcefbb595f2aa17a11eaef470cfb50ce", kill_on_drop: false }`
[INFO] running `Command { std: "docker" "inspect" "df7ee4415f426d2041ef194eb3770a97fcefbb595f2aa17a11eaef470cfb50ce", kill_on_drop: false }`
[INFO] running `Command { std: "docker" "rm" "-f" "df7ee4415f426d2041ef194eb3770a97fcefbb595f2aa17a11eaef470cfb50ce", kill_on_drop: false }`
[INFO] [stdout] df7ee4415f426d2041ef194eb3770a97fcefbb595f2aa17a11eaef470cfb50ce
[INFO] running `Command { std: "docker" "create" "-v" "/var/lib/crater-agent-workspace/builds/worker-7/target:/opt/rustwide/target:rw,Z" "-v" "/var/lib/crater-agent-workspace/builds/worker-7/source:/opt/rustwide/workdir:ro,Z" "-v" "/var/lib/crater-agent-workspace/cargo-home:/opt/rustwide/cargo-home:ro,Z" "-v" "/var/lib/crater-agent-workspace/rustup-home:/opt/rustwide/rustup-home:ro,Z" "-e" "SOURCE_DIR=/opt/rustwide/workdir" "-e" "CARGO_TARGET_DIR=/opt/rustwide/target" "-e" "CARGO_INCREMENTAL=0" "-e" "RUST_BACKTRACE=full" "-e" "RUSTFLAGS=--cap-lints=forbid" "-e" "CARGO_HOME=/opt/rustwide/cargo-home" "-e" "RUSTUP_HOME=/opt/rustwide/rustup-home" "-w" "/opt/rustwide/workdir" "-m" "1610612736" "--user" "0:0" "--network" "none" "ghcr.io/rust-lang/crates-build-env/linux@sha256:20528e8c29e4536546f0102ce88568b16ea7538393a33fcca951030f7af10457" "/opt/rustwide/cargo-home/bin/cargo" "+881c1ac408d93bb7adaa3a51dabab9266e82eee8" "build" "--frozen" "--message-format=json", kill_on_drop: false }`
[INFO] [stdout] f3b5bbcd99997c24781ea22c4430d15906b24a09e3c6ca4b87d2c87e03abbb0d
[INFO] [stderr] WARNING: Your kernel does not support swap limit capabilities or the cgroup is not mounted. Memory limited without swap.
[INFO] running `Command { std: "docker" "start" "-a" "f3b5bbcd99997c24781ea22c4430d15906b24a09e3c6ca4b87d2c87e03abbb0d", kill_on_drop: false }`
[INFO] [stderr]    Compiling libm v0.1.4
[INFO] [stderr]    Compiling packed_simd_2 v0.3.4 (/opt/rustwide/workdir)
[INFO] [stderr]     Finished dev [unoptimized + debuginfo] target(s) in 16.40s
[INFO] running `Command { std: "docker" "inspect" "f3b5bbcd99997c24781ea22c4430d15906b24a09e3c6ca4b87d2c87e03abbb0d", kill_on_drop: false }`
[INFO] running `Command { std: "docker" "rm" "-f" "f3b5bbcd99997c24781ea22c4430d15906b24a09e3c6ca4b87d2c87e03abbb0d", kill_on_drop: false }`
[INFO] [stdout] f3b5bbcd99997c24781ea22c4430d15906b24a09e3c6ca4b87d2c87e03abbb0d
[INFO] running `Command { std: "docker" "create" "-v" "/var/lib/crater-agent-workspace/builds/worker-7/target:/opt/rustwide/target:rw,Z" "-v" "/var/lib/crater-agent-workspace/builds/worker-7/source:/opt/rustwide/workdir:ro,Z" "-v" "/var/lib/crater-agent-workspace/cargo-home:/opt/rustwide/cargo-home:ro,Z" "-v" "/var/lib/crater-agent-workspace/rustup-home:/opt/rustwide/rustup-home:ro,Z" "-e" "SOURCE_DIR=/opt/rustwide/workdir" "-e" "CARGO_TARGET_DIR=/opt/rustwide/target" "-e" "CARGO_INCREMENTAL=0" "-e" "RUST_BACKTRACE=full" "-e" "RUSTFLAGS=--cap-lints=forbid" "-e" "CARGO_HOME=/opt/rustwide/cargo-home" "-e" "RUSTUP_HOME=/opt/rustwide/rustup-home" "-w" "/opt/rustwide/workdir" "-m" "1610612736" "--user" "0:0" "--network" "none" "ghcr.io/rust-lang/crates-build-env/linux@sha256:20528e8c29e4536546f0102ce88568b16ea7538393a33fcca951030f7af10457" "/opt/rustwide/cargo-home/bin/cargo" "+881c1ac408d93bb7adaa3a51dabab9266e82eee8" "test" "--frozen" "--no-run" "--message-format=json", kill_on_drop: false }`
[INFO] [stdout] 0eb4f62fbd2124413ada3cc348b98d9f79d5c87a71105a3a0273440f99feaa46
[INFO] [stderr] WARNING: Your kernel does not support swap limit capabilities or the cgroup is not mounted. Memory limited without swap.
[INFO] running `Command { std: "docker" "start" "-a" "0eb4f62fbd2124413ada3cc348b98d9f79d5c87a71105a3a0273440f99feaa46", kill_on_drop: false }`
[INFO] [stderr]    Compiling paste-impl v0.1.18
[INFO] [stderr]    Compiling paste v0.1.18
[INFO] [stderr]    Compiling packed_simd_2 v0.3.4 (/opt/rustwide/workdir)
[INFO] [stdout] error[E0432]: unresolved import `packed_simd`
[INFO] [stdout]  --> tests/endianness.rs:4:5
[INFO] [stdout]   |
[INFO] [stdout] 4 | use packed_simd::*;
[INFO] [stdout]   |     ^^^^^^^^^^^ use of undeclared crate or module `packed_simd`
[INFO] [stdout] 
[INFO] [stdout] 
[INFO] [stdout] error[E0433]: failed to resolve: use of undeclared crate or module `i32x4`
[INFO] [stdout]   --> tests/endianness.rs:10:13
[INFO] [stdout]    |
[INFO] [stdout] 10 |     let v = i32x4::new(0, 1, 2, 3);
[INFO] [stdout]    |             ^^^^^ not found in this scope
[INFO] [stdout]    |
[INFO] [stdout] help: consider importing this type alias
[INFO] [stdout]    |
[INFO] [stdout] 4  | use packed_simd_2::i32x4;
[INFO] [stdout]    |
[INFO] [stdout] 
[INFO] [stdout] 
[INFO] [stdout] error[E0433]: failed to resolve: use of undeclared crate or module `i8x16`
[INFO] [stdout]   --> tests/endianness.rs:21:13
[INFO] [stdout]    |
[INFO] [stdout] 21 |     let x = i8x16::new(
[INFO] [stdout]    |             ^^^^^ not found in this scope
[INFO] [stdout]    |
[INFO] [stdout] help: consider importing this type alias
[INFO] [stdout]    |
[INFO] [stdout] 4  | use packed_simd_2::i8x16;
[INFO] [stdout]    |
[INFO] [stdout] 
[INFO] [stdout] 
[INFO] [stdout] error[E0412]: cannot find type `i16x8` in this scope
[INFO] [stdout]   --> tests/endianness.rs:25:12
[INFO] [stdout]    |
[INFO] [stdout] 25 |     let t: i16x8 = unsafe { mem::transmute(x) };
[INFO] [stdout]    |            ^^^^^ not found in this scope
[INFO] [stdout]    |
[INFO] [stdout] help: consider importing this type alias
[INFO] [stdout]    |
[INFO] [stdout] 4  | use packed_simd_2::i16x8;
[INFO] [stdout]    |
[INFO] [stdout] 
[INFO] [stdout] 
[INFO] [stdout] error[E0412]: cannot find type `i16x8` in this scope
[INFO] [stdout]   --> tests/endianness.rs:26:12
[INFO] [stdout]    |
[INFO] [stdout] 26 |     let e: i16x8 = if cfg!(target_endian = "little") {
[INFO] [stdout]    |            ^^^^^ not found in this scope
[INFO] [stdout]    |
[INFO] [stdout] help: consider importing this type alias
[INFO] [stdout]    |
[INFO] [stdout] 4  | use packed_simd_2::i16x8;
[INFO] [stdout]    |
[INFO] [stdout] 
[INFO] [stdout] 
[INFO] [stdout] error[E0433]: failed to resolve: use of undeclared crate or module `i16x8`
[INFO] [stdout]   --> tests/endianness.rs:27:9
[INFO] [stdout]    |
[INFO] [stdout] 27 |         i16x8::new(256, 770, 1284, 1798, 2312, 2826, 3340, 3854)
[INFO] [stdout]    |         ^^^^^ not found in this scope
[INFO] [stdout]    |
[INFO] [stdout] help: consider importing this type alias
[INFO] [stdout]    |
[INFO] [stdout] 4  | use packed_simd_2::i16x8;
[INFO] [stdout]    |
[INFO] [stdout] 
[INFO] [stdout] 
[INFO] [stdout] error[E0433]: failed to resolve: use of undeclared crate or module `i16x8`
[INFO] [stdout]   --> tests/endianness.rs:29:9
[INFO] [stdout]    |
[INFO] [stdout] 29 |         i16x8::new(1, 515, 1029, 1543, 2057, 2571, 3085, 3599)
[INFO] [stdout]    |         ^^^^^ not found in this scope
[INFO] [stdout]    |
[INFO] [stdout] help: consider importing this type alias
[INFO] [stdout]    |
[INFO] [stdout] 4  | use packed_simd_2::i16x8;
[INFO] [stdout]    |
[INFO] [stdout] 
[INFO] [stdout] 
[INFO] [stdout] error[E0433]: failed to resolve: use of undeclared crate or module `i8x16`
[INFO] [stdout]   --> tests/endianness.rs:38:13
[INFO] [stdout]    |
[INFO] [stdout] 38 |     let x = i8x16::new(
[INFO] [stdout]    |             ^^^^^ not found in this scope
[INFO] [stdout]    |
[INFO] [stdout] help: consider importing this type alias
[INFO] [stdout]    |
[INFO] [stdout] 4  | use packed_simd_2::i8x16;
[INFO] [stdout]    |
[INFO] [stdout] 
[INFO] [stdout] 
[INFO] [stdout] error[E0412]: cannot find type `i16x16` in this scope
[INFO] [stdout]   --> tests/endianness.rs:42:12
[INFO] [stdout]    |
[INFO] [stdout] 42 |     let t: i16x16 = x.into(); // simd_cast
[INFO] [stdout]    |            ^^^^^^ not found in this scope
[INFO] [stdout]    |
[INFO] [stdout] help: consider importing this type alias
[INFO] [stdout]    |
[INFO] [stdout] 4  | use packed_simd_2::i16x16;
[INFO] [stdout]    |
[INFO] [stdout] 
[INFO] [stdout] 
[INFO] [stdout] error[E0433]: failed to resolve: use of undeclared crate or module `i16x16`
[INFO] [stdout]   --> tests/endianness.rs:44:13
[INFO] [stdout]    |
[INFO] [stdout] 44 |     let e = i16x16::new(
[INFO] [stdout]    |             ^^^^^^ not found in this scope
[INFO] [stdout]    |
[INFO] [stdout] help: consider importing this type alias
[INFO] [stdout]    |
[INFO] [stdout] 4  | use packed_simd_2::i16x16;
[INFO] [stdout]    |
[INFO] [stdout] 
[INFO] [stdout] 
[INFO] [stdout] error[E0433]: failed to resolve: use of undeclared crate or module `i8x16`
[INFO] [stdout]   --> tests/endianness.rs:55:13
[INFO] [stdout]    |
[INFO] [stdout] 55 |     let x = i8x16::new(
[INFO] [stdout]    |             ^^^^^ not found in this scope
[INFO] [stdout]    |
[INFO] [stdout] help: consider importing this type alias
[INFO] [stdout]    |
[INFO] [stdout] 4  | use packed_simd_2::i8x16;
[INFO] [stdout]    |
[INFO] [stdout] 
[INFO] [stdout] 
[INFO] [stdout] error[E0433]: failed to resolve: use of undeclared crate or module `i8x16`
[INFO] [stdout]   --> tests/endianness.rs:71:13
[INFO] [stdout]    |
[INFO] [stdout] 71 |     let z = i8x16::from_slice_unaligned(unsafe {
[INFO] [stdout]    |             ^^^^^ not found in this scope
[INFO] [stdout]    |
[INFO] [stdout] help: consider importing this type alias
[INFO] [stdout]    |
[INFO] [stdout] 4  | use packed_simd_2::i8x16;
[INFO] [stdout]    |
[INFO] [stdout] 
[INFO] [stdout] 
[INFO] [stdout] error[E0412]: cannot find type `f32x4` in this scope
[INFO] [stdout]   --> tests/endianness.rs:82:14
[INFO] [stdout]    |
[INFO] [stdout] 82 |         vec: f32x4,
[INFO] [stdout]    |              ^^^^^ not found in this scope
[INFO] [stdout]    |
[INFO] [stdout] help: consider importing this type alias
[INFO] [stdout]    |
[INFO] [stdout] 4  | use packed_simd_2::f32x4;
[INFO] [stdout]    |
[INFO] [stdout] 
[INFO] [stdout] 
[INFO] [stdout] error[E0433]: failed to resolve: use of undeclared crate or module `f32x4`
[INFO] [stdout]   --> tests/endianness.rs:84:41
[INFO] [stdout]    |
[INFO] [stdout] 84 |     let x: [f32; 4] = unsafe { A { vec: f32x4::new(0., 1., 2., 3.) }.data };
[INFO] [stdout]    |                                         ^^^^^ not found in this scope
[INFO] [stdout]    |
[INFO] [stdout] help: consider importing this type alias
[INFO] [stdout]    |
[INFO] [stdout] 4  | use packed_simd_2::f32x4;
[INFO] [stdout]    |
[INFO] [stdout] 
[INFO] [stdout] 
[INFO] [stdout] error[E0412]: cannot find type `f32x4` in this scope
[INFO] [stdout]   --> tests/endianness.rs:94:12
[INFO] [stdout]    |
[INFO] [stdout] 94 |     let y: f32x4 = unsafe { A { data: [3., 2., 1., 0.] }.vec };
[INFO] [stdout]    |            ^^^^^ not found in this scope
[INFO] [stdout]    |
[INFO] [stdout] help: consider importing this type alias
[INFO] [stdout]    |
[INFO] [stdout] 4  | use packed_simd_2::f32x4;
[INFO] [stdout]    |
[INFO] [stdout] 
[INFO] [stdout] 
[INFO] [stdout] error[E0433]: failed to resolve: use of undeclared crate or module `f32x4`
[INFO] [stdout]   --> tests/endianness.rs:95:19
[INFO] [stdout]    |
[INFO] [stdout] 95 |     assert_eq!(y, f32x4::new(3., 2., 1., 0.));
[INFO] [stdout]    |                   ^^^^^ not found in this scope
[INFO] [stdout]    |
[INFO] [stdout] help: consider importing this type alias
[INFO] [stdout]    |
[INFO] [stdout] 4  | use packed_simd_2::f32x4;
[INFO] [stdout]    |
[INFO] [stdout] 
[INFO] [stdout] 
[INFO] [stdout] error[E0412]: cannot find type `i8x16` in this scope
[INFO] [stdout]   --> tests/endianness.rs:99:14
[INFO] [stdout]    |
[INFO] [stdout] 99 |         vec: i8x16,
[INFO] [stdout]    |              ^^^^^ not found in this scope
[INFO] [stdout]    |
[INFO] [stdout] help: consider importing this type alias
[INFO] [stdout]    |
[INFO] [stdout] 4  | use packed_simd_2::i8x16;
[INFO] [stdout]    |
[INFO] [stdout] 
[INFO] [stdout] 
[INFO] [stdout] error[E0433]: failed to resolve: use of undeclared crate or module `i8x16`
[INFO] [stdout]    --> tests/endianness.rs:102:13
[INFO] [stdout]     |
[INFO] [stdout] 102 |     let x = i8x16::new(
[INFO] [stdout]     |             ^^^^^ not found in this scope
[INFO] [stdout]     |
[INFO] [stdout] help: consider importing this type alias
[INFO] [stdout]     |
[INFO] [stdout] 4   | use packed_simd_2::i8x16;
[INFO] [stdout]     |
[INFO] [stdout] 
[INFO] [stdout] 
[INFO] [stdout] error[E0433]: failed to resolve: use of undeclared crate or module `i8x16`
[INFO] [stdout]    --> tests/endianness.rs:118:13
[INFO] [stdout]     |
[INFO] [stdout] 118 |     let e = i8x16::new(
[INFO] [stdout]     |             ^^^^^ not found in this scope
[INFO] [stdout]     |
[INFO] [stdout] help: consider importing this type alias
[INFO] [stdout]     |
[INFO] [stdout] 4   | use packed_simd_2::i8x16;
[INFO] [stdout]     |
[INFO] [stdout] 
[INFO] [stdout] 
[INFO] [stdout] error[E0412]: cannot find type `i8x16` in this scope
[INFO] [stdout]    --> tests/endianness.rs:127:14
[INFO] [stdout]     |
[INFO] [stdout] 127 |         vec: i8x16,
[INFO] [stdout]     |              ^^^^^ not found in this scope
[INFO] [stdout]     |
[INFO] [stdout] help: consider importing this type alias
[INFO] [stdout]     |
[INFO] [stdout] 4   | use packed_simd_2::i8x16;
[INFO] [stdout]     |
[INFO] [stdout] 
[INFO] [stdout] 
[INFO] [stdout] error[E0433]: failed to resolve: use of undeclared crate or module `i8x16`
[INFO] [stdout]    --> tests/endianness.rs:130:13
[INFO] [stdout]     |
[INFO] [stdout] 130 |     let x = i8x16::new(
[INFO] [stdout]     |             ^^^^^ not found in this scope
[INFO] [stdout]     |
[INFO] [stdout] help: consider importing this type alias
[INFO] [stdout]     |
[INFO] [stdout] 4   | use packed_simd_2::i8x16;
[INFO] [stdout]     |
[INFO] [stdout] 
[INFO] [stdout] 
[INFO] [stdout] error[E0412]: cannot find type `f32x4` in this scope
[INFO] [stdout]    --> tests/endianness.rs:150:14
[INFO] [stdout]     |
[INFO] [stdout] 150 |         vec: f32x4,
[INFO] [stdout]     |              ^^^^^ not found in this scope
[INFO] [stdout]     |
[INFO] [stdout] help: consider importing this type alias
[INFO] [stdout]     |
[INFO] [stdout] 4   | use packed_simd_2::f32x4;
[INFO] [stdout]     |
[INFO] [stdout] 
[INFO] [stdout] 
[INFO] [stdout] error[E0433]: failed to resolve: use of undeclared crate or module `f32x4`
[INFO] [stdout]    --> tests/endianness.rs:152:39
[INFO] [stdout]     |
[INFO] [stdout] 152 |     let x: F32x4T = unsafe { A { vec: f32x4::new(0., 1., 2., 3.) }.data };
[INFO] [stdout]     |                                       ^^^^^ not found in this scope
[INFO] [stdout]     |
[INFO] [stdout] help: consider importing this type alias
[INFO] [stdout]     |
[INFO] [stdout] 4   | use packed_simd_2::f32x4;
[INFO] [stdout]     |
[INFO] [stdout] 
[INFO] [stdout] 
[INFO] [stdout] error[E0412]: cannot find type `f32x4` in this scope
[INFO] [stdout]    --> tests/endianness.rs:162:12
[INFO] [stdout]     |
[INFO] [stdout] 162 |     let y: f32x4 = unsafe { A { data: (3., 2., 1., 0.) }.vec };
[INFO] [stdout]     |            ^^^^^ not found in this scope
[INFO] [stdout]     |
[INFO] [stdout] help: consider importing this type alias
[INFO] [stdout]     |
[INFO] [stdout] 4   | use packed_simd_2::f32x4;
[INFO] [stdout]     |
[INFO] [stdout] 
[INFO] [stdout] 
[INFO] [stdout] error[E0433]: failed to resolve: use of undeclared crate or module `f32x4`
[INFO] [stdout]    --> tests/endianness.rs:163:19
[INFO] [stdout]     |
[INFO] [stdout] 163 |     assert_eq!(y, f32x4::new(3., 2., 1., 0.));
[INFO] [stdout]     |                   ^^^^^ not found in this scope
[INFO] [stdout]     |
[INFO] [stdout] help: consider importing this type alias
[INFO] [stdout]     |
[INFO] [stdout] 4   | use packed_simd_2::f32x4;
[INFO] [stdout]     |
[INFO] [stdout] 
[INFO] [stdout] 
[INFO] [stdout] error[E0412]: cannot find type `i8x16` in this scope
[INFO] [stdout]    --> tests/endianness.rs:169:14
[INFO] [stdout]     |
[INFO] [stdout] 169 |         vec: i8x16,
[INFO] [stdout]     |              ^^^^^ not found in this scope
[INFO] [stdout]     |
[INFO] [stdout] help: consider importing this type alias
[INFO] [stdout]     |
[INFO] [stdout] 4   | use packed_simd_2::i8x16;
[INFO] [stdout]     |
[INFO] [stdout] 
[INFO] [stdout] 
[INFO] [stdout] error[E0433]: failed to resolve: use of undeclared crate or module `i8x16`
[INFO] [stdout]    --> tests/endianness.rs:173:13
[INFO] [stdout]     |
[INFO] [stdout] 173 |     let x = i8x16::new(
[INFO] [stdout]     |             ^^^^^ not found in this scope
[INFO] [stdout]     |
[INFO] [stdout] help: consider importing this type alias
[INFO] [stdout]     |
[INFO] [stdout] 4   | use packed_simd_2::i8x16;
[INFO] [stdout]     |
[INFO] [stdout] 
[INFO] [stdout] 
[INFO] [stdout] error[E0412]: cannot find type `i8x16` in this scope
[INFO] [stdout]    --> tests/endianness.rs:201:12
[INFO] [stdout]     |
[INFO] [stdout] 201 |     let z: i8x16 = unsafe { B { data: y }.vec };
[INFO] [stdout]     |            ^^^^^ not found in this scope
[INFO] [stdout]     |
[INFO] [stdout] help: consider importing this type alias
[INFO] [stdout]     |
[INFO] [stdout] 4   | use packed_simd_2::i8x16;
[INFO] [stdout]     |
[INFO] [stdout] 
[INFO] [stdout] 
[INFO] [stdout] error[E0433]: failed to resolve: use of undeclared crate or module `i8x16`
[INFO] [stdout]    --> tests/endianness.rs:203:13
[INFO] [stdout]     |
[INFO] [stdout] 203 |     let e = i8x16::new(
[INFO] [stdout]     |             ^^^^^ not found in this scope
[INFO] [stdout]     |
[INFO] [stdout] help: consider importing this type alias
[INFO] [stdout]     |
[INFO] [stdout] 4   | use packed_simd_2::i8x16;
[INFO] [stdout]     |
[INFO] [stdout] 
[INFO] [stdout] 
[INFO] [stdout] error[E0412]: cannot find type `i8x16` in this scope
[INFO] [stdout]    --> tests/endianness.rs:213:14
[INFO] [stdout]     |
[INFO] [stdout] 213 |         vec: i8x16,
[INFO] [stdout]     |              ^^^^^ not found in this scope
[INFO] [stdout]     |
[INFO] [stdout] help: consider importing this type alias
[INFO] [stdout]     |
[INFO] [stdout] 4   | use packed_simd_2::i8x16;
[INFO] [stdout]     |
[INFO] [stdout] 
[INFO] [stdout] 
[INFO] [stdout] error[E0433]: failed to resolve: use of undeclared crate or module `i8x16`
[INFO] [stdout]    --> tests/endianness.rs:217:13
[INFO] [stdout]     |
[INFO] [stdout] 217 |     let x = i8x16::new(
[INFO] [stdout]     |             ^^^^^ not found in this scope
[INFO] [stdout]     |
[INFO] [stdout] help: consider importing this type alias
[INFO] [stdout]     |
[INFO] [stdout] 4   | use packed_simd_2::i8x16;
[INFO] [stdout]     |
[INFO] [stdout] 
[INFO] [stdout] 
[INFO] [stdout] error[E0412]: cannot find type `i8x16` in this scope
[INFO] [stdout]    --> tests/endianness.rs:245:14
[INFO] [stdout]     |
[INFO] [stdout] 245 |         vec: i8x16,
[INFO] [stdout]     |              ^^^^^ not found in this scope
[INFO] [stdout]     |
[INFO] [stdout] help: consider importing this type alias
[INFO] [stdout]     |
[INFO] [stdout] 4   | use packed_simd_2::i8x16;
[INFO] [stdout]     |
[INFO] [stdout] 
[INFO] [stdout] 
[INFO] [stdout] error[E0433]: failed to resolve: use of undeclared crate or module `i8x16`
[INFO] [stdout]    --> tests/endianness.rs:249:13
[INFO] [stdout]     |
[INFO] [stdout] 249 |     let x = i8x16::new(
[INFO] [stdout]     |             ^^^^^ not found in this scope
[INFO] [stdout]     |
[INFO] [stdout] help: consider importing this type alias
[INFO] [stdout]     |
[INFO] [stdout] 4   | use packed_simd_2::i8x16;
[INFO] [stdout]     |
[INFO] [stdout] 
[INFO] [stdout] 
[INFO] [stdout] error[E0740]: unions may not contain fields that need dropping
[INFO] [stdout]   --> tests/endianness.rs:82:9
[INFO] [stdout]    |
[INFO] [stdout] 82 |         vec: f32x4,
[INFO] [stdout]    |         ^^^^^^^^^^
[INFO] [stdout]    |
[INFO] [stdout] note: `std::mem::ManuallyDrop` can be used to wrap the type
[INFO] [stdout]   --> tests/endianness.rs:82:9
[INFO] [stdout]    |
[INFO] [stdout] 82 |         vec: f32x4,
[INFO] [stdout]    |         ^^^^^^^^^^
[INFO] [stdout] 
[INFO] [stdout] 
[INFO] [stdout] error[E0740]: unions may not contain fields that need dropping
[INFO] [stdout]   --> tests/endianness.rs:99:9
[INFO] [stdout]    |
[INFO] [stdout] 99 |         vec: i8x16,
[INFO] [stdout]    |         ^^^^^^^^^^
[INFO] [stdout]    |
[INFO] [stdout] note: `std::mem::ManuallyDrop` can be used to wrap the type
[INFO] [stdout]   --> tests/endianness.rs:99:9
[INFO] [stdout]    |
[INFO] [stdout] 99 |         vec: i8x16,
[INFO] [stdout]    |         ^^^^^^^^^^
[INFO] [stdout] 
[INFO] [stdout] 
[INFO] [stdout] error[E0740]: unions may not contain fields that need dropping
[INFO] [stdout]    --> tests/endianness.rs:127:9
[INFO] [stdout]     |
[INFO] [stdout] 127 |         vec: i8x16,
[INFO] [stdout]     |         ^^^^^^^^^^
[INFO] [stdout]     |
[INFO] [stdout] note: `std::mem::ManuallyDrop` can be used to wrap the type
[INFO] [stdout]    --> tests/endianness.rs:127:9
[INFO] [stdout]     |
[INFO] [stdout] 127 |         vec: i8x16,
[INFO] [stdout]     |         ^^^^^^^^^^
[INFO] [stdout] 
[INFO] [stdout] 
[INFO] [stdout] error[E0740]: unions may not contain fields that need dropping
[INFO] [stdout]    --> tests/endianness.rs:150:9
[INFO] [stdout]     |
[INFO] [stdout] 150 |         vec: f32x4,
[INFO] [stdout]     |         ^^^^^^^^^^
[INFO] [stdout]     |
[INFO] [stdout] note: `std::mem::ManuallyDrop` can be used to wrap the type
[INFO] [stdout]    --> tests/endianness.rs:150:9
[INFO] [stdout]     |
[INFO] [stdout] 150 |         vec: f32x4,
[INFO] [stdout]     |         ^^^^^^^^^^
[INFO] [stdout] 
[INFO] [stdout] 
[INFO] [stdout] error[E0740]: unions may not contain fields that need dropping
[INFO] [stdout]    --> tests/endianness.rs:169:9
[INFO] [stdout]     |
[INFO] [stdout] 169 |         vec: i8x16,
[INFO] [stdout]     |         ^^^^^^^^^^
[INFO] [stdout]     |
[INFO] [stdout] note: `std::mem::ManuallyDrop` can be used to wrap the type
[INFO] [stdout]    --> tests/endianness.rs:169:9
[INFO] [stdout]     |
[INFO] [stdout] 169 |         vec: i8x16,
[INFO] [stdout]     |         ^^^^^^^^^^
[INFO] [stdout] 
[INFO] [stdout] 
[INFO] [stdout] error[E0740]: unions may not contain fields that need dropping
[INFO] [stdout]    --> tests/endianness.rs:213:9
[INFO] [stdout]     |
[INFO] [stdout] 213 |         vec: i8x16,
[INFO] [stdout]     |         ^^^^^^^^^^
[INFO] [stdout]     |
[INFO] [stdout] note: `std::mem::ManuallyDrop` can be used to wrap the type
[INFO] [stdout]    --> tests/endianness.rs:213:9
[INFO] [stdout]     |
[INFO] [stdout] 213 |         vec: i8x16,
[INFO] [stdout]     |         ^^^^^^^^^^
[INFO] [stdout] 
[INFO] [stdout] 
[INFO] [stdout] error[E0740]: unions may not contain fields that need dropping
[INFO] [stdout]    --> tests/endianness.rs:245:9
[INFO] [stdout]     |
[INFO] [stdout] 245 |         vec: i8x16,
[INFO] [stdout]     |         ^^^^^^^^^^
[INFO] [stdout]     |
[INFO] [stdout] note: `std::mem::ManuallyDrop` can be used to wrap the type
[INFO] [stdout]    --> tests/endianness.rs:245:9
[INFO] [stdout]     |
[INFO] [stdout] 245 |         vec: i8x16,
[INFO] [stdout]     |         ^^^^^^^^^^
[INFO] [stdout] 
[INFO] [stdout] 
[INFO] [stdout] error: aborting due to 40 previous errors
[INFO] [stdout] 
[INFO] [stdout] 
[INFO] [stdout] Some errors have detailed explanations: E0412, E0432, E0433, E0740.
[INFO] [stdout] 
[INFO] [stdout] For more information about an error, try `rustc --explain E0412`.
[INFO] [stdout] 
[INFO] [stderr] error: could not compile `packed_simd_2`
[INFO] [stderr] 
[INFO] [stderr] To learn more, run the command again with --verbose.
[INFO] [stderr] warning: build failed, waiting for other jobs to finish...
[INFO] [stderr] error: build failed
[INFO] running `Command { std: "docker" "inspect" "0eb4f62fbd2124413ada3cc348b98d9f79d5c87a71105a3a0273440f99feaa46", kill_on_drop: false }`
[INFO] running `Command { std: "docker" "rm" "-f" "0eb4f62fbd2124413ada3cc348b98d9f79d5c87a71105a3a0273440f99feaa46", kill_on_drop: false }`
[INFO] [stdout] 0eb4f62fbd2124413ada3cc348b98d9f79d5c87a71105a3a0273440f99feaa46
